be w(3). Suppose -2*u + 5*z = -3*u + m, -2*u + 4*z - 6 = 0. Suppose -27 = -2*y - u. What is the units digit of y?
2
Let d be (-3 - (-1 - 1))*36. What is the tens digit of 169/9 - 8/d?
1
Suppose f + v = 6*v - 26, 0 = 4*f + 3*v - 11. Let d(u) = 45*u**2 - 2*u - 3. What is the units digit of d(f)?
4
Suppose 27*n + 42 = 96. Suppose 4*q + q = 0. Suppose 4*d = -n*l + 26, q = 3*l - 5*d + 3 + 2. What is the units digit of l?
5
Suppose -50 = -2*w + w. Let n(o) = -o + 5. Let m be n(3). Suppose -m*p + p - 4*r = -25, 0 = -2*p - 4*r + w. What is the units digit of p?
5
What is the tens digit of 321486/72 - 6/72?
6
Let a = -23 - -27. Suppose -158 = -3*g - 2*g + 3*v, -50 = -g - a*v. What is the tens digit of g?
3
Let n = 43 - 25. Suppose r - 4*f + n = 0, 3*f + 9 = r + 23. What is the tens digit of 1*2 + 19 + r?
1
Let d be (((-32)/20)/(-2))/((-3)/(-15)). Suppose -36 = -2*g - d*g. What is the units digit of g?
6
Let c(l) = -7*l - 11. Suppose 10 = -i + 2*n, -3*i + 1 = 4*n + 41. What is the tens digit of c(i)?
7
Let b be (1 - 26/8)*(-496)/186. Suppose -366 = -b*j + 348. What is the hundreds digit of j?
1
Let t(y) = -2*y**2 - 33 + 10*y + 17 + 22. What is the units digit of t(5)?
6
Suppose 306*c - 285*c - 45024 = 0. What is the units digit of c?
4
Let j = -1016 + 3517. What is the tens digit of j?
0
Let s(q) = -675*q**3 + 6*q + 6. What is the tens digit of s(-1)?
7
Let a(z) = -3*z + 5. Let m be a(-4). Suppose 181 - m = 4*l. What is the units digit of l?
1
Suppose 3*q = -4*f + 1950, 3*f - q - 2*q = 1452. What is the units digit of f?
6
Let c be -43 + 37 + (-5)/((-5)/114). Let u be (216 + 0)*(-1)/(-2). Suppose -s = -4*s + 3*t + c, -3*s - 4*t + u = 0. What is the units digit of s?
6
Suppose 0 = -b + 4*x + 174, b = -4*b - 3*x + 801. Let d = b - 109. Let t = d - 19. What is the tens digit of t?
3
Let d be (-96)/(-80)*5/2. Suppose 6 = 5*u + 2*n, d*n + 6 = -u - n. Suppose -5*i = 5*z - 280, 5*z - u*i = -i + 256. What is the tens digit of z?
5
Suppose 17*w + 18 = 23002. What is the units digit of w?
2
Suppose 0 = -2*h - 5*x + 155 + 45, -2*h = -5*x - 220. Suppose -5*a = 3*c - 2*c - 549, a + 5*c - h = 0. What is the units digit of a?
0
Let a be (-1 - (-6)/9)*-12. Suppose -a*s + s = f - 7, 3*f + s = -19. Let j = f + 16. What is the units digit of j?
8
Let y = 250 + 194. What is the units digit of y?
4
Let r(y) = y**3 - 24*y**2 + 174*y. What is the tens digit of r(6)?
9
Let t be 540/70 + 2/7. Suppose 0 = -3*b + 1 + t. Let o(w) = -w**3 + 5*w**2 + w. What is the tens digit of o(b)?
2
Let j be (-47 + 5)/(-7)*(-2)/(-4). Suppose t + 5*f - 231 = 0, j*t + 315 = -3*f + 1056. What is the hundreds digit of t?
2
Let v be 1/(3/(-6)) + -101. Let l = -70 - v. What is the tens digit of l?
3
Let d(s) be the second derivative of -4*s**3/3 + 7*s**2/2 - 6*s. What is the tens digit of d(-5)?
4
What is the tens digit of 4 - -12*(28 + -9)?
3
Let p be (1/3)/((-2)/(-714)). Suppose 0 = -i - 3*h + 25, 5*i + 5*h - 16 = p. Suppose -2*y - 4*w + 36 = -0*y, 2*w = -2*y + i. What is the units digit of y?
0
Suppose 5*g - 3*v + 9 = 0, -v + 3 = -3*g + 2*g. Suppose -2*n = -g*n. Suppose b + r - 17 - 11 = n, 0 = -4*b + r + 87. What is the units digit of b?
3
Let k(b) = -b**2 + 12*b + 13. Let p be k(14). Let g = p + 21. What is the units digit of g?
6
Let h(g) = g**3 + 11*g**2 - 3*g + 13. Let u be h(-11). What is the units digit of (u/6)/(1/3)?
3
Let p = 863 - 409. What is the units digit of p?
4
Let b(h) be the first derivative of h**2/2 - 4*h - 1. Let j be b(8). Suppose -2*g + 26 = g - 2*n, g - j*n = 12. What is the units digit of g?
8
Let w(u) = u**3 - 6*u**2 + u - 7. Let o be w(6). Let s(d) = -6*d - d - 3*d. What is the units digit of s(o)?
0
Let d be 4/40*8*5. Suppose 643 = 5*u + 3*k, -d*u = -4*k - 17 - 491. Suppose u = 5*g - g. What is the units digit of g?
2
Let v = -95 + 353. Let p = v + -31. What is the units digit of p?
7
Let a = -285 + 474. Let c = -118 + a. What is the units digit of c?
1
Let b(t) = 3*t**2 + 35*t + 52. Let v(k) = -2*k**2 - 23*k - 35. Let p(m) = -5*b(m) - 7*v(m). Let f be p(-10). Let c = f + -8. What is the tens digit of c?
1
Suppose 8*d - 11505 = -5*d. What is the units digit of d?
5
Let k(d) = d + 12. Let u be k(-12). Suppose -3*j = 2*m - 8, 2*m + u*j = 2*j + 28. What is the units digit of m?
0
Let c = 24 + -21. Suppose -2*w + 95 = c*j, 2*j - 4*w = w + 38. What is the tens digit of j?
2
Let a(i) = -9*i**2 - 3*i + i + 8*i**2 - 3*i. Let f be a(-4). Suppose -3*l = 0, -f*d - l + 52 = 3*l. What is the tens digit of d?
1
Let t(j) = j**2 + 13*j + 3. Let r be t(-13). What is the hundreds digit of (-254)/3*(-4)/(8/r)?
1
Let c = -7906 - -12186. What is the thousands digit of c?
4
Let y = 931 + 1353. What is the units digit of y?
4
Let m(r) = 30*r - 156. What is the tens digit of m(21)?
7
Suppose 0 = -5*m - 4*y - 1166, 2*m + y + 466 = -y. Let w = m + 441. What is the units digit of w?
7
Let d = 6289 - 2790. What is the tens digit of d?
9
What is the units digit of (6257/(-2))/(32/(-64))?
7
Suppose -4962 = -10*f + 2158. What is the hundreds digit of f?
7
Let h(z) = z**3 + z + 7*z**2 - 2 + 10 + z + z. What is the units digit of h(-6)?
6
Let j(y) = -y**3 - 3*y**2 - 2*y + 2. Let x be j(-2). Suppose -4*k - x*c = -6*c - 424, -2*k - c + 221 = 0. What is the tens digit of k?
0
Suppose 3 = 3*n, z - 2*n - 100 - 641 = 0. What is the units digit of z?
3
Let s = -10 + 10. Suppose s = 4*b - b - 27. Let l(t) = -t**2 + 14*t - 7. What is the units digit of l(b)?
8
Suppose -k = -0*k - 4*g - 396, -5*k + 2040 = -5*g. What is the tens digit of k?
1
Suppose -4*v - 280 = -768. Suppose 2*q - 280 = -4*g, 5*g - 198 = 5*q + v. What is the tens digit of g?
6
Suppose u + 5*c - 298 = 430, u - 748 = 5*c. What is the units digit of u?
8
Let b be (-5)/3*-3*1. Suppose b*l = s + 29 + 9, -4*l + 40 = -4*s. Suppose 0 = 19*n - 20*n + l. What is the units digit of n?
7
Let u(z) = 3*z**2 + 12*z - 41. What is the units digit of u(-21)?
0
Let l be (50/(-125))/(2/(-25)). Suppose 2*t = m - t - 134, -l*m = t - 750. What is the tens digit of m?
4
Suppose -18*k = -19*k + 1274. What is the units digit of k?
4
Let j = 42 - 37. Suppose -72 = -2*g + u + 199, 0 = -j*g + 5*u + 665. What is the tens digit of g?
3
Let p be (-1)/(-5) - (-216)/45. Suppose -2*o + 5 = -3. Suppose -34 = -2*u + a, -o*u - p*a + 72 = 18. What is the units digit of u?
6
Let y(w) = -19*w**3 - w**2 - 2*w - 1. Let u(i) = -i**2 - 5*i + 1. Let z be u(-5). Let g be 2 - (z/1 + 2). What is the tens digit of y(g)?
1
Let t be (-7 + -2)*(-1)/((-21)/406). Let i = t + 328. What is the tens digit of i?
5
Suppose -z - 134 = -5*u, -z + 22 = u - 0*z. Let a = u - -50. What is the tens digit of a?
7
Let s(r) = -r + 25. Let v be s(20). Suppose 448 + 132 = v*g. What is the tens digit of g?
1
Suppose 4*z = 5*c - 660, 5*z - 135 = -c - 960. Let l = 251 + z. What is the tens digit of l?
8
Let t(w) = w**3 + 2*w**2 - 5*w + 3. Let f(d) = 2*d**3 + 4*d**2 - 9*d + 7. Let i(a) = 2*f(a) - 5*t(a). What is the tens digit of i(-6)?
0
Let t(y) = 14*y**2 - 3*y + 2. Let a be t(2). Suppose -3*o + 10 = -4*v - 7, 0 = 3*o - v - 11. Suppose -o*c + 11 = -a. What is the tens digit of c?
2
Suppose -2*f + 8 = 0, 0 = 3*m + f - 4*f + 3. Let b be 2172/20 + 4/10. Suppose 0 = 3*k + 3*c + c - b, k - 38 = -m*c. What is the units digit of k?
5
Suppose -51*v + 2325 = -46*v. Suppose 3*l + 4*h = v, -l - 3*h + 7*h + 171 = 0. What is the hundreds digit of l?
1
Suppose 3*z = -4*y + 2 + 4, 3*z - 6 = -y. Suppose 3*c - 30 = -2*b - y*b, -2*c + 44 = 4*b. Let f = b - 5. What is the units digit of f?
4
Let w(d) = 142*d**2 - 5*d. What is the units digit of w(1)?
7
Let r(z) = 3*z**3 - 3*z**2 + 2*z. Let a be r(3). Suppose -2*c = 2*c - a. Suppose 4*n + n - c = -k, -2*n - 2*k + 14 = 0. What is the units digit of n?
2
Let p(c) = 92*c**2 - 7*c - 40. What is the units digit of p(-3)?
9
Suppose 2*f - 48 = f + 2*s, f - 78 = -4*s. Let v = 102 - f. What is the tens digit of v?
4
Suppose -11*o = -12*o + 13. Suppose -3*s + o + 5 = 0. What is the units digit of s?
6
Suppose -4*o = -20, -7*o + 2589 = 2*l - 2*o. What is the tens digit of l?
8
Let k(o) = 19*o + 4*o - 3 + 70*o + 1. What is the tens digit of k(1)?
9
Let z(v) = -v**2 + 15*v + 6. Let r be z(9). Let a = 193 - r. What is the tens digit of a?
3
Suppose -w = 87 - 89. Let b(i) = 21*i**3 - i**2 + 3. Wh